 - (-43 + (9 - -16))).
-38
Calculate (30 - -26 - 32) + 24 + 0.
48
Calculate 3 + (-8 - (-111 - (-7 + -10))) + (-3 - 7).
79
Calculate -58 + 1 + (24 - -4) + -7.
-36
What is 3 + 1 + -6 - (4 - 3 - 0 - 21)?
18
What is the value of 41 + -8 + (29 - 25)?
37
What is (7 - 46) + 66 + -38 + -15?
-26
Calculate (-21 - -40 - 8) + (13 - 8) + -17.
-1
Evaluate 2 - (3 + -32 + 27 + (-17 - -2)).
19
Evaluate (-37 - -22 - -38) + 1 + -21.
3
Evaluate 4 - (15 - 4) - (-7 - 0) - 30.
-30
Calculate 61 - ((121 - -47) + -25).
-82
What is the value of -40 - (24 + (16 - (-12 + 52)))?
-40
12 + 2 + (10 - 16 - -1) + (-5 - -55)
59
Evaluate (-11 + -83 + 12 - -17) + -23.
-88
What is the value of 84 - ((-1 - -30) + -33 + 20)?
68
Evaluate (-89 - 1) + (46 + 15 + -22 - 0 - 23).
-74
Evaluate -46 + 105 + (9 - 45).
23
23 + (7 + (6 - -10) - 47)
-1
-9 - (-5 - 2 - (22 - (28 + -10)))
2
What is 15 - 13 - 125 - (1 + -2 + 4 + 1)?
-127
What is -52 - (2 - 60 - -34)?
-28
Evaluate (-4 - -8) + 11 + (430 - 394).
51
-54 + 4 - (-8 + 7 + 12 + -6 + -3)
-52
What is 42 - (-36 + -11) - (-1 + -7 + (4 - 4))?
97
What is the value of -179 + 188 + (-55 - -1) + 21?
-24
83 + (-35 - 55) - (-15 + 1) - 43
-36
Calculate -10 - (11 - (14 - 0 - 51)).
-58
What is the value of 5115 - 5153 - (0 + -29)?
-9
What is 21 + 155 + -46 + -57?
73
What is the value of 17 + 43 - (28 + -17)?
49
What is the value of 3 - -1 - (-10 + -2 + (-81 - -113))?
-16
What is the value of -37 - ((-27 - 49) + 48)?
-9
What is the value of 43 + (-6 - 5) + -8 + (-24 - -32)?
32
What is the value of (-71 - (-16 + -60) - (0 + -14)) + 137?
156
Calculate 3 - ((-5 + -9 + 10 - 2) + 2) - 46.
-39
147 + 35 + -212 - (-1 + 17 + 1)
-47
Calculate (13 - (7 + (-12 - 2))) + 5 - 10.
15
Evaluate -32 + 90 - -16 - 28.
46
What is 3116 + -3119 - (-2 + 0 + 104) - -18?
-87
Evaluate 4183 - 4162 - (-53 - (3 - 5)).
72
Evaluate 59 - -2 - (-57 + (53 - -13) - -6).
46
Evaluate 24 + -128 + (91 - 33).
-46
What is the value of (153 - 196) + (-35 - 7)?
-85
Calculate -3 - (-54 - -103) - -4.
-48
Calculate -1 + (78 - 1 - (3 - 2)) - (-140 + 151).
64
What is the value of (-22 + -19 - 39) + 81?
1
(-8 - (0 + -60)) + 266 + -225
93
-1 + 1 - (18 - 65)
47
What is (-58 - (-44 + 11)) + 105 + -8?
72
What is (13 - (17 + -25)) + -29 - 2 - (120 - 0)?
-130
What is the value of (54 + -15 - 146) + (3 + -5 - -20)?
-89
4 + (-4 - (6 - (-11 - -19)) - 5)
-3
Calculate 106 - (-79 - -140) - (147 + -1).
-101
What is 9 - (-12 + 8 + -6 - (13 + -8 - 51))?
-27
Evaluate (53 - 31) + -12 + 0.
10
Evaluate 1 - 7 - (51 + -7 - (-4 + 7 + -5)).
-52
Evaluate (-15 - (48 + -24)) + 40.
1
What is -27 - -63 - -2 - ((8 - 3) + 5)?
28
What is 14 + (8 - 1 - (36 - 32)) - 15?
2
Calculate (65 - (-37 - -52)) + 2.
52
Evaluate 9 - (185 - 121 - (-4 - -2 - 8)).
-65
Evaluate (6 - (0 - -5)) + (-57 - -45).
-11
What is (15 - -15) + (-47 - 8)?
-25
What is the value of -25 - (110 - (32 - -36))?
-67
What is the value of 1 + -10 + (9 - (16 - 3 - -11) - -21)?
-3
Evaluate -67 + 55 + (54 - -7) - (-4 - -1) - 5.
47
What is 11 - (-7 + 12) - (50 + 4 + -11)?
-37
Calculate (2 + 5 - 113) + (2 + 8 - (118 + -122)).
-92
What is the value of (-33 - (-25 - -5)) + (-2 - -19) - -12?
16
Calculate 3 - (-7 - -4) - (12 + -19 - 88).
101
Evaluate (2 - -56) + -1272 + 1224.
10
Calculate 60 - (-67 + 187 - 68).
8
What is the value of 13 + (-12 - (-6 - (-19 - -7))) + -104?
-109
What is (-1 + (11 - 10) - (-5 + 1 + 10)) + 40?
34
Evaluate -82 + 0 + -1 - ((2 - 15) + 24 - 17).
-77
Evaluate -4872 + 4941 - (0 + 154).
-85
Evaluate 137 + -198 + 35 + 9.
-17
Evaluate 16 + (-10 - (-30 + -6 + 45)).
-3
Calculate 46 - (-144 + 49) - (11 + (5 - 4 - -1)).
128
6 + -35 - (371 - 385)
-15
What is the value of 22 + (1 - 2) + (179 - 188) + 2 + 2?
16
Calculate 0 - (3 + 1 + -1) - (156 - (-70 - -268)).
39
Calculate 97 + 1 - (-5873 - -5905).
66
Evaluate (13 - (3 + -5)) + (-95 - -103).
23
Evaluate 5 + 6 + (-21 - (9 - 25)).
6
Evaluate 9 + 56 + 1 + 373 + -347.
92
-21 - (-2 + 64 + -28)
-55
Evaluate -9 - (-1 + 2) - (-31 + -96 + 136).
-19
Evaluate -28 + ((-6 - -11) + -26 - -37).
-12
What is -5 + 4 + 9 - (-48 + 10 - 18)?
64
What is 49 - ((-3 - (-5 + 2)) + (110 - 101))?
40
What is 8 + -12 + 50 + -21 - 5?
20
What is the value of (2849 - 2871) + (-3 - (0 + -113))?
88
12 + (-107 + 45 - -16) - 91
-125
Calculate -4137 + 4138 + -2 + 42.
41
What is 4 + 25 + -29 + (4 - 1) - (1 + -86)?
88
What is the value of 45 + (-3 + 6 - 14) + -15 - 12?
7
(-20 - -24) + 39 + 5
48
What is -26 + 33 - (18 + (6 + -10 - (-1 - 6)))?
-14
Evaluate (-5 - -6) + 1 + -12 + (-143 - -26 - -90).
-37
(-2 - 1) + 27 + 18 + -67
-25
Evaluate 99 - (174 + 18 - 60).
-33
(14 - 23 - -18) + -2 + -2
5
Calculate 95 - 208 - -123 - (-58 + 0).
68
Evaluate (69 - -7) + -90 + (1 - 8) - -12.
-9
What is -10 - ((-10 - 33 - (1 - 14)) + 4)?
16
-66 + 1 + 261 + -230
-34
Calculate 15 - (9 - (32 - (4 + 7))).
27
69 + 0 + (-40 - (-108 + 89)) + 2 + 5
55
What is the value of 16 + -26 + 38 + -39?
-11
Evaluate 10 + (18 + -6 - 28) - -18.
12
Calculate (-52 + 19 - (-40 + -3)) + 50.
60
Calculate -12 + -7 + (8 + -25 - -35 - -14).
13
What is 13 + 12 + -41 + 11?
-5
What is the value of 10 + -78 + 3 + (-12 - -1) + (4 - -1)?
-71
Calculate 86 - (-43 + 89 + -15).
55
12 + -33 + -14 + (3 + -1 - 0) + 5
-28
Evaluate -13 + 0 - (55 - (14 - -26) - 17).
-11
What is 8 - (-20 - ((24 + -24 - -10) + (-7 - 1)))?
30
Evaluate (0 - 35) + (67 - 94 - -42).
-20
Evaluate (-11 - (-11 + 7 + 2) - -16) + 4 + -14.
-3
Evaluate (-52 - (-59 - -99)) + 105.
13
What is -19 + 6 + 22 + -16 + -19?
-26
What is -2020 + 2056 - (28 - -3)?
5
Evaluate 0 + 9 - (8 + 1 + -14 + (-245 - -249)).
10
-133 + 246 + -43 + 4
74
Evaluate (8 + (-19 - -50) - 35) + 77.
81
What is the value of -39 - ((-4 - -7) + (22 - 4) + -2 + -11)?
-47
What is the value of (-1 + -15 - -3) + (107 - 126 - (-21 + -1))?
-10
What is -10 + -33 + 52 + -28?
-19
49 + -66 + -6 + 0 + 10 + -28 + 22
-19
Calculate -502 - -535 - (12 + -1).
22
What is the value of 0 + -81 + (6 - (2 + -14 - -19))?
-82
Evaluate -14 - -3 - (8 + (12 - 13) + -20).
2
Evaluate -94 + (-30 - -70) - -145.
91
Evaluate 5 + 14 + -32 - (-12 + 45).
-46
What is -7 + -2 + (-6 + 20 - 18) + (0 - -9)?
-4
What is -30 + 71 + 17 + 5?
63
What is 56 + (-13 - ((35 - 44) + 14))?
38
Evaluate (40 + -3 - 23) + (0 - -16).
30
Evaluate -3 + (-8 + 10 + -18 - -18) - 70.
-71
Calculate -268 + 39 + 164 - (-1 + 29).
-93
1 + 28 + -8 + (43 - 22)
42
(-22 - -14) + (13 + -7 + (-29 - -9) - -12)
-10
What is the value of -60 + (-11 - 0) + -1 + -3 + 4?
-71
Evaluate -31 + 1 + 6 + 33 + -23 + (14 - 1).
-1
What is -6 + 14 + -4 + (145 - 222)?
-73
-42 + 7 + (12 - (13 - (-2 + -12)))
-50
Evaluate -5 + (22 - 27) + -6 + (6 - -2).
-8
Evaluate 3 - (-44 + (-17 + 0 - -20)).
44
What is the value of 1 - (-3 - 6 - -21) - 18?
-29
Evaluate 123 + -106 - (2 - 22) - 80.
-43
What is the value of -152 + 125 - (-23 - 25)?
21
What is (29 - 0) + 591 + -563 + -9?
48
What is the value of (-4 - 57) + (-219 - -275)?
-5
What is 6 - 3 - (23 + -71 + 15)?
36
What is 5 + (1 - 6 - (-22 + 64 + -53))?
11
What is the value of (2 - (-2 + 4) - -10) + -33 + -7 + -34?
-64
What is (11 - 1) + -88 + 77 - -59?
58
What is 36 - (76 - 95 - (-97 - 7))?
-49
Calculate 26 - -5 - (-273 + 350).
-46
What is 26 - (40 - (4 - -41) - -47)?
-16
-72 - 1 - ((-21 - (-18 - -3)) + 27 + -20)
-74
What is -71 - ((8 - -20 - 28) + -25)?
-46
What is (-13 + 3 + -72 + -9 - -11) + 0 + -8?
-88
What is 495 - 495 - (0 - 3 - (-73 + -5 + -1))?
-76
What is (510 - 487) + (2 - -29) - (1 + -5 + -6)?
64
Calculate 84 - (12 + (21 - 28) - -26).
53
(-24 - -15) + (5 - -1) + 14 + (49 - -1)
61
Evaluate (-1588 - -1598) + (70 - -1) + 0.
81
(46 - 72) + 26 + 42 + -3
39
10 - 6 - 1 - 32 - (-11 + -2)
-16
Calculate -10 - (9 + -17 + (-13 - 0)).
11
What is 10 + 1 + (2 - -1 - 0) + -91?
-77
What is -23 + 19 + 1 + (-134 - -121)?
-16
Evaluate -33 + (143 - 32 - 32).
46
Calculate -15 + (3 - -18) - (6 + 26 - -5).
-31
0 + -39 + (-3 + 0 - -15) - 14
-41
Calculate 0 - ((72 - 79) + 2 + -2) - -6.
13
Evaluate (10 - -16) + -22 + (26 - -5).
35
-58 + (80 + -66 - (4 - 2)) + 3
-43
What is the value of 49 + (17 - 151 - -55)?
-30
Calculate (33 - (15 + 9)) + -91.
-82
What is the value of -6 - 0 - -18 - (26 - ((-32 - -17) + 35))?
6
Evaluate 48 + -95 - (30 + -87).
10
Calculate -27 + 15 + 2 - (-5 - 0) - 34.
-39
Calculate 113 + -41 + -19 + -148.
-95
Calculate -27 + (34 - -86)